{"id":510,"date":"2017-12-18T15:51:42","date_gmt":"2017-12-18T15:51:42","guid":{"rendered":"https:\/\/tecnoprod.com.br\/site\/?page_id=510"},"modified":"2017-12-19T11:01:49","modified_gmt":"2017-12-19T11:01:49","slug":"maquinas-disponiveis","status":"publish","type":"page","link":"https:\/\/tecnoprod.com.br\/site\/maquinas-disponiveis\/","title":{"rendered":"Maquin\u00e1rio\u00a0Dispon\u00edvel"},"content":{"rendered":"<p>[et_pb_section bb_built=&#8221;1&#8243; admin_label=&#8221;section&#8221; background_color=&#8221;#db1622&#8243; custom_padding=&#8221;5px||5px|&#8221; _builder_version=&#8221;3.0.92&#8243;][et_pb_row admin_label=&#8221;row&#8221; background_position=&#8221;top_left&#8221; background_repeat=&#8221;repeat&#8221; background_size=&#8221;initial&#8221;][et_pb_column type=&#8221;4_4&#8243;][et_pb_text admin_label=&#8221;Maquin\u00e1rio Dispon\u00edvel&#8221; background_layout=&#8221;dark&#8221; use_border_color=&#8221;off&#8221; background_position=&#8221;top_left&#8221; background_repeat=&#8221;repeat&#8221; background_size=&#8221;initial&#8221; _builder_version=&#8221;3.0.92&#8243;]<\/p>\n<h5><b>Maquin\u00e1rio<\/b><strong>\u00a0<\/strong><b>Dispon\u00edvel<\/b><\/h5>\n<p>Veja a rela\u00e7\u00e3o de nossas m\u00e1quinas<\/p>\n<p>[\/et_pb_text][\/et_pb_column][\/et_pb_row][\/et_pb_section][et_pb_section bb_built=&#8221;1&#8243; fullwidth=&#8221;off&#8221; specialty=&#8221;off&#8221;][et_pb_row][et_pb_column type=&#8221;2_3&#8243;][et_pb_text admin_label=&#8221;Nossos Equipamentos&#8221; background_layout=&#8221;light&#8221; use_border_color=&#8221;off&#8221; background_position=&#8221;top_left&#8221; background_repeat=&#8221;repeat&#8221; background_size=&#8221;initial&#8221; _builder_version=&#8221;3.0.92&#8243;]<\/p>\n<h4><strong>Nossos Equipamentos<\/strong><\/h4>\n<p>[\/et_pb_text][et_pb_divider color=&#8221;#e8ecf0&#8243; show_divider=&#8221;on&#8221; divider_style=&#8221;solid&#8221; divider_position=&#8221;top&#8221; hide_on_mobile=&#8221;on&#8221; disabled_on=&#8221;on|on|off&#8221; \/][et_pb_text admin_label=&#8221;Trabalhamos com m\u00e1quinas de solda e corte com tecnologia avan\u00e7ada. Todos os equipamentos s\u00e3o revisados pelo nosso departamento t\u00e9cnico atendendo \u00e0s mais r\u00edgidas especifica\u00e7\u00f5es. Prezamos por cuidar de cada detalhe, afinal, sua empresa merece o melhor! N\u00e3o deixe de conferir nossa lista de equipamentos, para maiores informa\u00e7\u00f5es ligue: (11) 4526-7404.&#8221; _builder_version=&#8221;3.0.92&#8243; background_layout=&#8221;light&#8221;]<\/p>\n<p style=\"text-align: justify;\">Trabalhamos com m\u00e1quinas de solda e corte com tecnologia avan\u00e7ada. Todos os equipamentos s\u00e3o revisados pelo nosso departamento t\u00e9cnico atendendo \u00e0s mais r\u00edgidas especifica\u00e7\u00f5es. Prezamos por cuidar de cada detalhe, afinal, sua empresa merece o melhor! N\u00e3o deixe de conferir nossa lista de equipamentos, para maiores informa\u00e7\u00f5es ligue: <strong>(11) 4526-7404<\/strong>.<\/p>\n<p>[\/et_pb_text][et_pb_text admin_label=&#8221;1x Torno Universal \u2013 MAGNUM \u2013 CUT \u2013 Modelo Fel 2060 GNX.&#8221; _builder_version=&#8221;3.0.92&#8243; background_layout=&#8221;light&#8221;]<\/p>\n<ul>\n<li>1x Torno Universal \u2013 MAGNUM \u2013 CUT \u2013 Modelo Fel 2060 GNX.<\/li>\n<li>2x Torno Universal \u2013 Romi.<\/li>\n<li>1x Centro de Usinagem Romi.<\/li>\n<li>1x Centro de Usinagem Feller &#8211; FV1000.<\/li>\n<li>1x Centro de Usinagem Feller &#8211; QM22 APC \u2013 Duplo Pallet.<\/li>\n<li>2x Fresadora Vecker \u2013 Modelo VK \u2013 430V com digital nos 3 eixos.<\/li>\n<li>1x Fresadora Universal \u2013 Vigorelli com digital nos 3 eixos.<\/li>\n<li>9x Usinagens homologadas e operando em sintonia com nossos projetos.<\/li>\n<\/ul>\n<p>[\/et_pb_text][\/et_pb_column][et_pb_column type=&#8221;1_3&#8243;][et_pb_image admin_label=&#8221;Imagem &#8211; fresadora&#8221; _builder_version=&#8221;3.0.92&#8243; src=&#8221;https:\/\/tecnoprod.com.br\/site\/wp-content\/uploads\/2017\/12\/fresadora.jpg&#8221; show_in_lightbox=&#8221;off&#8221; url_new_window=&#8221;off&#8221; use_overlay=&#8221;off&#8221; always_center_on_mobile=&#8221;on&#8221; force_fullwidth=&#8221;off&#8221; show_bottom_space=&#8221;on&#8221; \/][\/et_pb_column][\/et_pb_row][et_pb_row][et_pb_column type=&#8221;1_3&#8243;][et_pb_image _builder_version=&#8221;3.0.92&#8243; src=&#8221;https:\/\/tecnoprod.com.br\/site\/wp-content\/uploads\/2017\/12\/maquinario1.jpg&#8221; show_in_lightbox=&#8221;off&#8221; url_new_window=&#8221;off&#8221; use_overlay=&#8221;off&#8221; align=&#8221;center&#8221; always_center_on_mobile=&#8221;on&#8221; force_fullwidth=&#8221;off&#8221; show_bottom_space=&#8221;on&#8221; module_class=&#8221;circular&#8221; \/][\/et_pb_column][et_pb_column type=&#8221;1_3&#8243;][et_pb_image _builder_version=&#8221;3.0.92&#8243; src=&#8221;https:\/\/tecnoprod.com.br\/site\/wp-content\/uploads\/2017\/12\/maquinario2.jpg&#8221; show_in_lightbox=&#8221;off&#8221; url_new_window=&#8221;off&#8221; use_overlay=&#8221;off&#8221; align=&#8221;center&#8221; always_center_on_mobile=&#8221;on&#8221; force_fullwidth=&#8221;off&#8221; show_bottom_space=&#8221;on&#8221; module_class=&#8221;circular&#8221; \/][\/et_pb_column][et_pb_column type=&#8221;1_3&#8243;][et_pb_image _builder_version=&#8221;3.0.92&#8243; src=&#8221;https:\/\/tecnoprod.com.br\/site\/wp-content\/uploads\/2017\/12\/maquinario3.jpg&#8221; show_in_lightbox=&#8221;off&#8221; url_new_window=&#8221;off&#8221; use_overlay=&#8221;off&#8221; align=&#8221;center&#8221; always_center_on_mobile=&#8221;on&#8221; force_fullwidth=&#8221;off&#8221; show_bottom_space=&#8221;on&#8221; module_class=&#8221;circular&#8221; \/][\/et_pb_column][\/et_pb_row][\/et_pb_section]<\/p>\n","protected":false},"excerpt":{"rendered":"<p>Maquin\u00e1rio\u00a0Dispon\u00edvel Veja a rela\u00e7\u00e3o de nossas m\u00e1quinas <div class=\"et_pb_row et_pb_row_0 et_pb_row_empty\">\n\t\t\t\t\n\t\t\t\t\n\t\t\t\t\n\t\t\t\t\n\t\t\t\t\n\t\t\t<\/div> Nossos Equipamentos Trabalhamos com m\u00e1quinas de solda e corte com tecnologia avan\u00e7ada. Todos os equipamentos s\u00e3o revisados pelo nosso departamento t\u00e9cnico atendendo \u00e0s mais r\u00edgidas especifica\u00e7\u00f5es. Prezamos por cuidar de cada detalhe, afinal, sua empresa merece o melhor! N\u00e3o deixe de conferir nossa lista de equipamentos, para [&hellip;]<\/p>\n","protected":false},"author":1,"featured_media":0,"parent":0,"menu_order":0,"comment_status":"closed","ping_status":"closed","template":"","meta":{"_et_pb_use_builder":"on","_et_pb_old_content":"","_et_gb_content_width":"","footnotes":""},"class_list":["post-510","page","type-page","status-publish","hentry"],"yoast_head":"<!-- This site is optimized with the Yoast SEO plugin v27.6 - https:\/\/yoast.com\/product\/yoast-seo-wordpress\/ -->\n<title>Maquin\u00e1rio\u00a0Dispon\u00edvel - Tecnoprod<\/title>\n<meta name=\"robots\" content=\"index, follow, max-snippet:-1, max-image-preview:large, max-video-preview:-1\" \/>\n<link rel=\"canonical\" href=\"https:\/\/tecnoprod.com.br\/site\/maquinas-disponiveis\/\" \/>\n<meta property=\"og:locale\" content=\"pt_BR\" \/>\n<meta property=\"og:type\" content=\"article\" \/>\n<meta property=\"og:title\" content=\"Maquin\u00e1rio\u00a0Dispon\u00edvel - Tecnoprod\" \/>\n<meta property=\"og:description\" content=\"Maquin\u00e1rio\u00a0Dispon\u00edvel Veja a rela\u00e7\u00e3o de nossas m\u00e1quinas Nossos Equipamentos Trabalhamos com m\u00e1quinas de solda e corte com tecnologia avan\u00e7ada. Todos os equipamentos s\u00e3o revisados pelo nosso departamento t\u00e9cnico atendendo \u00e0s mais r\u00edgidas especifica\u00e7\u00f5es. Prezamos por cuidar de cada detalhe, afinal, sua empresa merece o melhor! N\u00e3o deixe de conferir nossa lista de equipamentos, para [&hellip;]\" \/>\n<meta property=\"og:url\" content=\"https:\/\/tecnoprod.com.br\/site\/maquinas-disponiveis\/\" \/>\n<meta property=\"og:site_name\" content=\"Tecnoprod\" \/>\n<meta property=\"article:modified_time\" content=\"2017-12-19T11:01:49+00:00\" \/>\n<meta name=\"twitter:card\" content=\"summary_large_image\" \/>\n<meta name=\"twitter:label1\" content=\"Est. tempo de leitura\" \/>\n\t<meta name=\"twitter:data1\" content=\"3 minutos\" \/>\n<script type=\"application\/ld+json\" class=\"yoast-schema-graph\">{\"@context\":\"https:\\\/\\\/schema.org\",\"@graph\":[{\"@type\":\"WebPage\",\"@id\":\"https:\\\/\\\/tecnoprod.com.br\\\/site\\\/maquinas-disponiveis\\\/\",\"url\":\"https:\\\/\\\/tecnoprod.com.br\\\/site\\\/maquinas-disponiveis\\\/\",\"name\":\"Maquin\u00e1rio\u00a0Dispon\u00edvel - Tecnoprod\",\"isPartOf\":{\"@id\":\"https:\\\/\\\/tecnoprod.com.br\\\/site\\\/#website\"},\"datePublished\":\"2017-12-18T15:51:42+00:00\",\"dateModified\":\"2017-12-19T11:01:49+00:00\",\"breadcrumb\":{\"@id\":\"https:\\\/\\\/tecnoprod.com.br\\\/site\\\/maquinas-disponiveis\\\/#breadcrumb\"},\"inLanguage\":\"pt-BR\",\"potentialAction\":[{\"@type\":\"ReadAction\",\"target\":[\"https:\\\/\\\/tecnoprod.com.br\\\/site\\\/maquinas-disponiveis\\\/\"]}]},{\"@type\":\"BreadcrumbList\",\"@id\":\"https:\\\/\\\/tecnoprod.com.br\\\/site\\\/maquinas-disponiveis\\\/#breadcrumb\",\"itemListElement\":[{\"@type\":\"ListItem\",\"position\":1,\"name\":\"Home\",\"item\":\"https:\\\/\\\/tecnoprod.com.br\\\/site\\\/\"},{\"@type\":\"ListItem\",\"position\":2,\"name\":\"Maquin\u00e1rio\u00a0Dispon\u00edvel\"}]},{\"@type\":\"WebSite\",\"@id\":\"https:\\\/\\\/tecnoprod.com.br\\\/site\\\/#website\",\"url\":\"https:\\\/\\\/tecnoprod.com.br\\\/site\\\/\",\"name\":\"Tecnoprod\",\"description\":\"Tecnoprod\",\"potentialAction\":[{\"@type\":\"SearchAction\",\"target\":{\"@type\":\"EntryPoint\",\"urlTemplate\":\"https:\\\/\\\/tecnoprod.com.br\\\/site\\\/?s={search_term_string}\"},\"query-input\":{\"@type\":\"PropertyValueSpecification\",\"valueRequired\":true,\"valueName\":\"search_term_string\"}}],\"inLanguage\":\"pt-BR\"}]}<\/script>\n<!-- \/ Yoast SEO plugin. -->","yoast_head_json":{"title":"Maquin\u00e1rio\u00a0Dispon\u00edvel - Tecnoprod","robots":{"index":"index","follow":"follow","max-snippet":"max-snippet:-1","max-image-preview":"max-image-preview:large","max-video-preview":"max-video-preview:-1"},"canonical":"https:\/\/tecnoprod.com.br\/site\/maquinas-disponiveis\/","og_locale":"pt_BR","og_type":"article","og_title":"Maquin\u00e1rio\u00a0Dispon\u00edvel - Tecnoprod","og_description":"Maquin\u00e1rio\u00a0Dispon\u00edvel Veja a rela\u00e7\u00e3o de nossas m\u00e1quinas Nossos Equipamentos Trabalhamos com m\u00e1quinas de solda e corte com tecnologia avan\u00e7ada. Todos os equipamentos s\u00e3o revisados pelo nosso departamento t\u00e9cnico atendendo \u00e0s mais r\u00edgidas especifica\u00e7\u00f5es. Prezamos por cuidar de cada detalhe, afinal, sua empresa merece o melhor! N\u00e3o deixe de conferir nossa lista de equipamentos, para [&hellip;]","og_url":"https:\/\/tecnoprod.com.br\/site\/maquinas-disponiveis\/","og_site_name":"Tecnoprod","article_modified_time":"2017-12-19T11:01:49+00:00","twitter_card":"summary_large_image","twitter_misc":{"Est. tempo de leitura":"3 minutos"},"schema":{"@context":"https:\/\/schema.org","@graph":[{"@type":"WebPage","@id":"https:\/\/tecnoprod.com.br\/site\/maquinas-disponiveis\/","url":"https:\/\/tecnoprod.com.br\/site\/maquinas-disponiveis\/","name":"Maquin\u00e1rio\u00a0Dispon\u00edvel - Tecnoprod","isPartOf":{"@id":"https:\/\/tecnoprod.com.br\/site\/#website"},"datePublished":"2017-12-18T15:51:42+00:00","dateModified":"2017-12-19T11:01:49+00:00","breadcrumb":{"@id":"https:\/\/tecnoprod.com.br\/site\/maquinas-disponiveis\/#breadcrumb"},"inLanguage":"pt-BR","potentialAction":[{"@type":"ReadAction","target":["https:\/\/tecnoprod.com.br\/site\/maquinas-disponiveis\/"]}]},{"@type":"BreadcrumbList","@id":"https:\/\/tecnoprod.com.br\/site\/maquinas-disponiveis\/#breadcrumb","itemListElement":[{"@type":"ListItem","position":1,"name":"Home","item":"https:\/\/tecnoprod.com.br\/site\/"},{"@type":"ListItem","position":2,"name":"Maquin\u00e1rio\u00a0Dispon\u00edvel"}]},{"@type":"WebSite","@id":"https:\/\/tecnoprod.com.br\/site\/#website","url":"https:\/\/tecnoprod.com.br\/site\/","name":"Tecnoprod","description":"Tecnoprod","potentialAction":[{"@type":"SearchAction","target":{"@type":"EntryPoint","urlTemplate":"https:\/\/tecnoprod.com.br\/site\/?s={search_term_string}"},"query-input":{"@type":"PropertyValueSpecification","valueRequired":true,"valueName":"search_term_string"}}],"inLanguage":"pt-BR"}]}},"_links":{"self":[{"href":"https:\/\/tecnoprod.com.br\/site\/wp-json\/wp\/v2\/pages\/510","targetHints":{"allow":["GET"]}}],"collection":[{"href":"https:\/\/tecnoprod.com.br\/site\/wp-json\/wp\/v2\/pages"}],"about":[{"href":"https:\/\/tecnoprod.com.br\/site\/wp-json\/wp\/v2\/types\/page"}],"author":[{"embeddable":true,"href":"https:\/\/tecnoprod.com.br\/site\/wp-json\/wp\/v2\/users\/1"}],"replies":[{"embeddable":true,"href":"https:\/\/tecnoprod.com.br\/site\/wp-json\/wp\/v2\/comments?post=510"}],"version-history":[{"count":11,"href":"https:\/\/tecnoprod.com.br\/site\/wp-json\/wp\/v2\/pages\/510\/revisions"}],"predecessor-version":[{"id":593,"href":"https:\/\/tecnoprod.com.br\/site\/wp-json\/wp\/v2\/pages\/510\/revisions\/593"}],"wp:attachment":[{"href":"https:\/\/tecnoprod.com.br\/site\/wp-json\/wp\/v2\/media?parent=510"}],"curies":[{"name":"wp","href":"https:\/\/api.w.org\/{rel}","templated":true}]}}