{"id":39,"date":"2017-04-10T11:46:23","date_gmt":"2017-04-10T11:46:23","guid":{"rendered":"https:\/\/tecnoprod.com.br\/site\/?page_id=39"},"modified":"2018-03-02T18:55:23","modified_gmt":"2018-03-02T18:55:23","slug":"inicial","status":"publish","type":"page","link":"https:\/\/tecnoprod.com.br\/site\/","title":{"rendered":"Inicial"},"content":{"rendered":"<p>[et_pb_section bb_built=&#8221;1&#8243; admin_label=&#8221;section&#8221; fullwidth=&#8221;on&#8221; _builder_version=&#8221;3.0.92&#8243;][et_pb_fullwidth_slider admin_label=&#8221;Fullwidth Slider&#8221; show_arrows=&#8221;off&#8221; show_pagination=&#8221;on&#8221; parallax=&#8221;on&#8221; background_position=&#8221;top_left&#8221; show_image_video_mobile=&#8221;off&#8221; custom_button=&#8221;off&#8221; button_icon_placement=&#8221;right&#8221; header_font=&#8221;|on|||&#8221; header_font_size=&#8221;35&#8243; body_font_size=&#8221;20&#8243; custom_css_slide_title=&#8221;color:#fff !important;||text-shadow: 5px 2px 2px rgba(0,0,0,1);||font-weight:800;||line-height: 1.5;&#8221; custom_css_slide_description=&#8221;color:#fff !important;||text-shadow: 5px 2px 2px rgba(0,0,0,1);||font-weight:400;||line-height: 1.5;&#8221; header_font_size_last_edited=&#8221;on|desktop&#8221; custom_padding=&#8221;|||&#8221; show_inner_shadow=&#8221;on&#8221; show_content_on_mobile=&#8221;on&#8221; show_cta_on_mobile=&#8221;on&#8221; _builder_version=&#8221;3.0.92&#8243; auto=&#8221;on&#8221; module_class=&#8221;dotstyle-puff&#8221; auto_speed=&#8221;6000&#8243;][et_pb_slide heading=&#8221;Bem-Vindo a TECNOPROD&#8221; background_color=&#8221;#ffffff&#8221; alignment=&#8221;center&#8221; background_layout=&#8221;dark&#8221; background_image=&#8221;https:\/\/tecnoprod.com.br\/site\/wp-content\/uploads\/2017\/12\/banner1-min.jpg&#8221; background_position=&#8221;top_center&#8221; background_size=&#8221;initial&#8221; use_bg_overlay=&#8221;off&#8221; use_text_overlay=&#8221;on&#8221; allow_player_pause=&#8221;off&#8221; text_border_radius=&#8221;9&#8243; header_font_select=&#8221;default&#8221; body_font_select=&#8221;default&#8221; body_font=&#8221;||||&#8221; button_font_select=&#8221;default&#8221; button_font=&#8221;||||&#8221; text_overlay_color=&#8221;rgba(0,0,0,0.45)&#8221; header_font_size_phone=&#8221;17&#8243; header_font_size_last_edited=&#8221;on|phone&#8221; body_font_size_phone=&#8221;15&#8243; body_font_size_last_edited=&#8221;on|desktop&#8221; background_video_width=&#8221;1920&#8243; background_video_height=&#8221;638&#8243; _builder_version=&#8221;3.0.92&#8243; use_background_color_gradient=&#8221;off&#8221; background_color_gradient_start=&#8221;#2b87da&#8221; background_color_gradient_end=&#8221;#29c4a9&#8243; background_color_gradient_type=&#8221;linear&#8221; background_color_gradient_direction=&#8221;180deg&#8221; background_color_gradient_direction_radial=&#8221;center&#8221; background_color_gradient_start_position=&#8221;0%&#8221; background_color_gradient_end_position=&#8221;100%&#8221; background_color_gradient_overlays_image=&#8221;off&#8221; parallax=&#8221;off&#8221; parallax_method=&#8221;on&#8221; background_repeat=&#8221;no-repeat&#8221; background_blend=&#8221;normal&#8221; child_filter_hue_rotate=&#8221;0deg&#8221; child_filter_saturate=&#8221;100%&#8221; child_filter_brightness=&#8221;100%&#8221; child_filter_contrast=&#8221;100%&#8221; child_filter_invert=&#8221;0%&#8221; child_filter_sepia=&#8221;0%&#8221; child_filter_opacity=&#8221;100%&#8221; child_filter_blur=&#8221;0px&#8221; child_mix_blend_mode=&#8221;normal&#8221; header_font=&#8221;||||||||&#8221;]<\/p>\n<p style=\"text-align: center;\">H\u00e1 mais de 25 anos provendo solu\u00e7\u00f5es para o segmento <strong>automotivo<\/strong>, <strong>linha branca<\/strong>, <strong>agr\u00edcola<\/strong> e <strong>transporte<\/strong>.<\/p>\n<p>[\/et_pb_slide][et_pb_slide heading=&#8221;TECNOLOGIA DE PRODU\u00c7\u00c3O&#8221; background_color=&#8221;#ffffff&#8221; alignment=&#8221;center&#8221; background_layout=&#8221;dark&#8221; background_image=&#8221;https:\/\/tecnoprod.com.br\/site\/wp-content\/uploads\/2017\/12\/banner2-min.jpg&#8221; background_position=&#8221;top_center&#8221; background_size=&#8221;initial&#8221; use_bg_overlay=&#8221;off&#8221; use_text_overlay=&#8221;on&#8221; allow_player_pause=&#8221;off&#8221; text_border_radius=&#8221;9&#8243; header_font_select=&#8221;default&#8221; body_font_select=&#8221;default&#8221; body_font=&#8221;||||&#8221; button_font_select=&#8221;default&#8221; button_font=&#8221;||||&#8221; text_overlay_color=&#8221;rgba(0,0,0,0.45)&#8221; header_font_size_phone=&#8221;17&#8243; header_font_size_last_edited=&#8221;on|phone&#8221; body_font_size_phone=&#8221;15&#8243; body_font_size_last_edited=&#8221;on|desktop&#8221; background_video_width=&#8221;1920&#8243; background_video_height=&#8221;638&#8243; _builder_version=&#8221;3.0.92&#8243; use_background_color_gradient=&#8221;off&#8221; background_color_gradient_start=&#8221;#2b87da&#8221; background_color_gradient_end=&#8221;#29c4a9&#8243; background_color_gradient_type=&#8221;linear&#8221; background_color_gradient_direction=&#8221;180deg&#8221; background_color_gradient_direction_radial=&#8221;center&#8221; background_color_gradient_start_position=&#8221;0%&#8221; background_color_gradient_end_position=&#8221;100%&#8221; background_color_gradient_overlays_image=&#8221;off&#8221; parallax=&#8221;off&#8221; parallax_method=&#8221;on&#8221; background_repeat=&#8221;no-repeat&#8221; background_blend=&#8221;normal&#8221; child_filter_hue_rotate=&#8221;0deg&#8221; child_filter_saturate=&#8221;100%&#8221; child_filter_brightness=&#8221;100%&#8221; child_filter_contrast=&#8221;100%&#8221; child_filter_invert=&#8221;0%&#8221; child_filter_sepia=&#8221;0%&#8221; child_filter_opacity=&#8221;100%&#8221; child_filter_blur=&#8221;0px&#8221; child_mix_blend_mode=&#8221;normal&#8221; header_font=&#8221;||||||||&#8221;]<\/p>\n<p style=\"text-align: center;\">Engenharia e Tecnologia a servi\u00e7o da Ind\u00fastria Automobil\u00edstica.<\/p>\n<p>[\/et_pb_slide][\/et_pb_fullwidth_slider][\/et_pb_section][et_pb_section bb_built=&#8221;1&#8243; fullwidth=&#8221;off&#8221; specialty=&#8221;off&#8221;][et_pb_row _builder_version=&#8221;3.0.92&#8243;][et_pb_column type=&#8221;1_2&#8243;][et_pb_image _builder_version=&#8221;3.0.92&#8243; src=&#8221;https:\/\/tecnoprod.com.br\/site\/wp-content\/uploads\/2017\/12\/nr-12.jpg&#8221; show_in_lightbox=&#8221;off&#8221; url_new_window=&#8221;off&#8221; use_overlay=&#8221;off&#8221; always_center_on_mobile=&#8221;on&#8221; force_fullwidth=&#8221;off&#8221; show_bottom_space=&#8221;on&#8221; module_class=&#8221;circular&#8221; \/][\/et_pb_column][et_pb_column type=&#8221;1_2&#8243;][et_pb_text admin_label=&#8221;NR12 &#8211; Adequa\u00e7\u00e3o de M\u00e1quinas&#8221; _builder_version=&#8221;3.0.92&#8243; background_layout=&#8221;light&#8221;]<\/p>\n<h3><strong><span class=\"titulo_edits_banner\">NR12 &#8211; Adequa\u00e7\u00e3o de M\u00e1quinas<\/span><\/strong><\/h3>\n<p>[\/et_pb_text][et_pb_divider color=&#8221;#e8ecf0&#8243; show_divider=&#8221;on&#8221; divider_style=&#8221;solid&#8221; divider_position=&#8221;top&#8221; hide_on_mobile=&#8221;on&#8221; disabled_on=&#8221;on|on|off&#8221; _builder_version=&#8221;3.0.92&#8243; \/][et_pb_text admin_label=&#8221;Adequa\u00e7\u00e3o de NR12 para atender os requezitos necess\u00e1rios de seguran\u00e7a em processos industriais&#8221; _builder_version=&#8221;3.0.92&#8243; background_layout=&#8221;light&#8221;]<\/p>\n<p><strong>Adequa\u00e7\u00e3o de NR12 para atender os requisitos necess\u00e1rios de seguran\u00e7a em processos industriais<\/strong><\/p>\n<p>[\/et_pb_text][et_pb_text admin_label=&#8221;O nosso servi\u00e7o de adequa\u00e7\u00e3o de m\u00e1quinas oferece o que h\u00e1 de mais moderno para todos os tipos de m\u00e1quinas e similares para empresas industriais do Brasil. Dispomos de uma equipe extremamente qualificada e preocupada em melhor atender as necessidades de seguran\u00e7a em um ambiente de trabalho, com os melhores materiais e solu\u00e7\u00f5es para adequa\u00e7\u00e3o de m\u00e1quinas conforme a NR12.&#8221; _builder_version=&#8221;3.0.92&#8243; background_layout=&#8221;light&#8221;]<\/p>\n<p style=\"text-align: justify;\">O nosso servi\u00e7o de adequa\u00e7\u00e3o de m\u00e1quinas oferece o que h\u00e1 de mais moderno para todos os tipos de m\u00e1quinas e similares para empresas industriais do Brasil. Dispomos de uma equipe extremamente qualificada e preocupada em melhor atender as necessidades de seguran\u00e7a em um ambiente de trabalho, com os melhores materiais e solu\u00e7\u00f5es para adequa\u00e7\u00e3o de m\u00e1quinas conforme a NR12.<\/p>\n<p>[\/et_pb_text][et_pb_button _builder_version=&#8221;3.0.92&#8243; url_new_window=&#8221;off&#8221; button_alignment=&#8221;right&#8221; background_layout=&#8221;dark&#8221; custom_button=&#8221;on&#8221; button_icon_placement=&#8221;right&#8221; button_text_size=&#8221;15&#8243; button_text_color=&#8221;#ffffff&#8221; button_bg_color=&#8221;#da1e26&#8243; button_border_width=&#8221;0&#8243; button_border_radius=&#8221;5&#8243; button_icon=&#8221;%%24%%&#8221; button_border_radius_hover=&#8221;5&#8243; button_text=&#8221;Saiba Mais&#8221; button_url=&#8221;https:\/\/tecnoprod.com.br\/site\/reforma-de-maquinas\/&#8221; \/][\/et_pb_column][\/et_pb_row][\/et_pb_section][et_pb_section bb_built=&#8221;1&#8243; fullwidth=&#8221;off&#8221; specialty=&#8221;off&#8221; _builder_version=&#8221;3.0.92&#8243; background_color=&#8221;#fbfbfb&#8221;][et_pb_row][et_pb_column type=&#8221;4_4&#8243;][et_pb_text admin_label=&#8221;Alguns de nossos produtos e servi\u00e7os&#8221; background_layout=&#8221;light&#8221; use_border_color=&#8221;off&#8221; background_position=&#8221;top_left&#8221; background_repeat=&#8221;repeat&#8221; background_size=&#8221;initial&#8221; _builder_version=&#8221;3.0.92&#8243;]<\/p>\n<h3 style=\"text-align: left;\"><strong>Alguns de nossos produtos e servi\u00e7os<\/strong><\/h3>\n<p>[\/et_pb_text][\/et_pb_column][\/et_pb_row][et_pb_row][et_pb_column type=&#8221;1_4&#8243;][et_pb_blurb admin_label=&#8221;Pin\u00e7as de Solda Manuais 60Hz ou MF&#8221; _builder_version=&#8221;3.0.92&#8243; title=&#8221;Pin\u00e7as de Solda Manuais 60Hz ou MF&#8221; url_new_window=&#8221;off&#8221; use_icon=&#8221;off&#8221; image=&#8221;https:\/\/tecnoprod.com.br\/site\/wp-content\/uploads\/2017\/12\/pinca-solda-manual_2.jpg&#8221; use_circle=&#8221;off&#8221; use_circle_border=&#8221;off&#8221; icon_placement=&#8221;top&#8221; use_icon_font_size=&#8221;off&#8221; background_layout=&#8221;light&#8221; header_font=&#8221;|700|||||||&#8221; text_orientation=&#8221;center&#8221; url=&#8221;https:\/\/tecnoprod.com.br\/site\/produtos\/&#8221; animation=&#8221;off&#8221; module_class=&#8221;circular&#8221; \/][\/et_pb_column][et_pb_column type=&#8221;1_4&#8243;][et_pb_blurb admin_label=&#8221;M\u00e1quinas de Solda Estacion\u00e1ria&#8221; _builder_version=&#8221;3.0.92&#8243; title=&#8221;M\u00e1quinas de Solda Estacion\u00e1ria&#8221; url_new_window=&#8221;off&#8221; use_icon=&#8221;off&#8221; image=&#8221;https:\/\/tecnoprod.com.br\/site\/wp-content\/uploads\/2017\/12\/maq-solda-estacionaria1p.jpg&#8221; use_circle=&#8221;off&#8221; use_circle_border=&#8221;off&#8221; icon_placement=&#8221;top&#8221; use_icon_font_size=&#8221;off&#8221; background_layout=&#8221;light&#8221; header_font=&#8221;|700|||||||&#8221; text_orientation=&#8221;center&#8221; url=&#8221;https:\/\/tecnoprod.com.br\/site\/produtos\/&#8221; animation=&#8221;off&#8221; module_class=&#8221;circular&#8221; \/][\/et_pb_column][et_pb_column type=&#8221;1_4&#8243;][et_pb_blurb admin_label=&#8221;Servi\u00e7os em Soldagem&#8221; _builder_version=&#8221;3.0.92&#8243; title=&#8221;Servi\u00e7os em Soldagem&#8221; url_new_window=&#8221;off&#8221; use_icon=&#8221;off&#8221; image=&#8221;https:\/\/tecnoprod.com.br\/site\/wp-content\/uploads\/2017\/12\/servico-soldagem.jpg&#8221; use_circle=&#8221;off&#8221; use_circle_border=&#8221;off&#8221; icon_placement=&#8221;top&#8221; use_icon_font_size=&#8221;off&#8221; background_layout=&#8221;light&#8221; header_font=&#8221;|700|||||||&#8221; text_orientation=&#8221;center&#8221; url=&#8221;https:\/\/tecnoprod.com.br\/site\/servicos\/&#8221; animation=&#8221;off&#8221; module_class=&#8221;circular&#8221; \/][\/et_pb_column][et_pb_column type=&#8221;1_4&#8243;][et_pb_blurb admin_label=&#8221;Automa\u00e7\u00e3o&#8221; _builder_version=&#8221;3.0.92&#8243; title=&#8221;Automa\u00e7\u00e3o&#8221; url_new_window=&#8221;off&#8221; use_icon=&#8221;off&#8221; image=&#8221;https:\/\/tecnoprod.com.br\/site\/wp-content\/uploads\/2017\/12\/automacao.jpg&#8221; use_circle=&#8221;off&#8221; use_circle_border=&#8221;off&#8221; icon_placement=&#8221;top&#8221; use_icon_font_size=&#8221;off&#8221; background_layout=&#8221;light&#8221; header_font=&#8221;|700|||||||&#8221; text_orientation=&#8221;center&#8221; url=&#8221;https:\/\/tecnoprod.com.br\/site\/automacao\/&#8221; animation=&#8221;off&#8221; module_class=&#8221;circular&#8221; \/][\/et_pb_column][\/et_pb_row][\/et_pb_section][et_pb_section bb_built=&#8221;1&#8243; fullwidth=&#8221;off&#8221; specialty=&#8221;off&#8221;][et_pb_row][et_pb_column type=&#8221;1_2&#8243;][et_pb_text admin_label=&#8221;Um pouco sobre n\u00f3s&#8221; _builder_version=&#8221;3.0.92&#8243; background_layout=&#8221;light&#8221;]<\/p>\n<h3><strong><span class=\"titulo_edits_banner\">Um pouco sobre n\u00f3s<\/span><\/strong><\/h3>\n<p>[\/et_pb_text][et_pb_divider color=&#8221;#e8ecf0&#8243; show_divider=&#8221;on&#8221; divider_style=&#8221;solid&#8221; divider_position=&#8221;top&#8221; hide_on_mobile=&#8221;on&#8221; disabled_on=&#8221;on|on|off&#8221; \/][et_pb_text admin_label=&#8221;Bem-vindo a Tecnoprod, uma empresa nacional com mais de 25 anos de experi\u00eancia em solda e equipamentos para linha de montagem e produ\u00e7\u00e3o. N\u00f3s projetamos, fabricamos e instalamos equipamentos de acordo com sua necessidade, buscando a melhoria do processo fabril.&#8221; background_layout=&#8221;light&#8221; use_border_color=&#8221;off&#8221; text_font_size=&#8221;15&#8243; background_position=&#8221;top_left&#8221; background_repeat=&#8221;repeat&#8221; background_size=&#8221;initial&#8221; _builder_version=&#8221;3.0.92&#8243;]<\/p>\n<p style=\"text-align: justify;\">A\u00a0<strong>Tecnoprod<\/strong>, \u00e9 uma empresa nacional com mais de 25 anos de experi\u00eancia em solda e equipamentos para linha de montagem e produ\u00e7\u00e3o. N\u00f3s projetamos, fabricamos e instalamos equipamentos de acordo com sua necessidade, buscando a melhoria do processo fabril.<\/p>\n<p style=\"text-align: justify;\">Quando voc\u00ea precisar de equipamentos para linha de montagem e produ\u00e7\u00e3o com alta confiabilidade, qualidade e desempenho, a <strong>Tecnoprod<\/strong> tem as melhores solu\u00e7\u00f5es para voc\u00ea.<\/p>\n<p>[\/et_pb_text][et_pb_button _builder_version=&#8221;3.0.92&#8243; url_new_window=&#8221;off&#8221; button_alignment=&#8221;right&#8221; background_layout=&#8221;dark&#8221; custom_button=&#8221;on&#8221; button_icon_placement=&#8221;right&#8221; button_text_size=&#8221;15&#8243; button_text_color=&#8221;#ffffff&#8221; button_bg_color=&#8221;#da1e26&#8243; button_border_width=&#8221;0&#8243; button_border_radius=&#8221;5&#8243; button_icon=&#8221;%%24%%&#8221; button_border_radius_hover=&#8221;5&#8243; button_text=&#8221;Saiba Mais&#8221; button_url=&#8221;https:\/\/tecnoprod.com.br\/site\/empresa\/&#8221; \/][\/et_pb_column][et_pb_column type=&#8221;1_2&#8243;][et_pb_image _builder_version=&#8221;3.0.92&#8243; src=&#8221;https:\/\/tecnoprod.com.br\/site\/wp-content\/uploads\/2017\/12\/empresa.jpg&#8221; show_in_lightbox=&#8221;off&#8221; url_new_window=&#8221;off&#8221; use_overlay=&#8221;off&#8221; always_center_on_mobile=&#8221;on&#8221; force_fullwidth=&#8221;off&#8221; show_bottom_space=&#8221;on&#8221; module_class=&#8221;circular&#8221; \/][\/et_pb_column][\/et_pb_row][\/et_pb_section]<\/p>\n","protected":false},"excerpt":{"rendered":"<p>H\u00e1 mais de 25 anos provendo solu\u00e7\u00f5es para o segmento automotivo, linha branca, agr\u00edcola e transporte. Engenharia e Tecnologia a servi\u00e7o da Ind\u00fastria Automobil\u00edstica. NR12 &#8211; Adequa\u00e7\u00e3o de M\u00e1quinas Adequa\u00e7\u00e3o de NR12 para atender os requisitos necess\u00e1rios de seguran\u00e7a em processos industriais O nosso servi\u00e7o de adequa\u00e7\u00e3o de m\u00e1quinas oferece o que h\u00e1 de mais [&hellip;]<\/p>\n","protected":false},"author":1,"featured_media":0,"parent":0,"menu_order":0,"comment_status":"closed","ping_status":"closed","template":"","meta":{"_et_pb_use_builder":"on","_et_pb_old_content":"","_et_gb_content_width":"","footnotes":""},"class_list":["post-39","page","type-page","status-publish","hentry"],"yoast_head":"<!-- This site is optimized with the Yoast SEO plugin v27.6 - https:\/\/yoast.com\/product\/yoast-seo-wordpress\/ -->\n<title>Tecnoprod Tecnologia de Produ\u00e7\u00e3o Jundia\u00ed \/ SP<\/title>\n<meta name=\"description\" content=\"M\u00e1quinas de solda ponto, proje\u00e7\u00e3o e costura. M\u00e1quinas Especiais como dispositivos de solda para m\u00e1quinas e c\u00e9lulas de rob\u00f4, automa\u00e7\u00e3o industrial e m\u00e1quinas sob encomenda. TECNOPROD Tecnologia de Produ\u00e7\u00e3o\" \/>\n<meta name=\"robots\" content=\"index, follow, max-snippet:-1, max-image-preview:large, max-video-preview:-1\" \/>\n<link rel=\"canonical\" href=\"https:\/\/tecnoprod.com.br\/site\/\" \/>\n<meta property=\"og:locale\" content=\"pt_BR\" \/>\n<meta property=\"og:type\" content=\"article\" \/>\n<meta property=\"og:title\" content=\"Tecnoprod Tecnologia de Produ\u00e7\u00e3o Jundia\u00ed \/ SP\" \/>\n<meta property=\"og:description\" content=\"M\u00e1quinas de solda ponto, proje\u00e7\u00e3o e costura. M\u00e1quinas Especiais como dispositivos de solda para m\u00e1quinas e c\u00e9lulas de rob\u00f4, automa\u00e7\u00e3o industrial e m\u00e1quinas sob encomenda. TECNOPROD Tecnologia de Produ\u00e7\u00e3o\" \/>\n<meta property=\"og:url\" content=\"https:\/\/tecnoprod.com.br\/site\/\" \/>\n<meta property=\"og:site_name\" content=\"Tecnoprod\" \/>\n<meta property=\"article:modified_time\" content=\"2018-03-02T18:55:23+00:00\" \/>\n<meta name=\"twitter:card\" content=\"summary_large_image\" \/>\n<meta name=\"twitter:label1\" content=\"Est. tempo de leitura\" \/>\n\t<meta name=\"twitter:data1\" content=\"8 minutos\" \/>\n<script type=\"application\/ld+json\" class=\"yoast-schema-graph\">{\"@context\":\"https:\\\/\\\/schema.org\",\"@graph\":[{\"@type\":\"WebPage\",\"@id\":\"https:\\\/\\\/tecnoprod.com.br\\\/site\\\/\",\"url\":\"https:\\\/\\\/tecnoprod.com.br\\\/site\\\/\",\"name\":\"Tecnoprod Tecnologia de Produ\u00e7\u00e3o Jundia\u00ed \\\/ SP\",\"isPartOf\":{\"@id\":\"https:\\\/\\\/tecnoprod.com.br\\\/site\\\/#website\"},\"datePublished\":\"2017-04-10T11:46:23+00:00\",\"dateModified\":\"2018-03-02T18:55:23+00:00\",\"description\":\"M\u00e1quinas de solda ponto, proje\u00e7\u00e3o e costura. M\u00e1quinas Especiais como dispositivos de solda para m\u00e1quinas e c\u00e9lulas de rob\u00f4, automa\u00e7\u00e3o industrial e m\u00e1quinas sob encomenda. TECNOPROD Tecnologia de Produ\u00e7\u00e3o\",\"breadcrumb\":{\"@id\":\"https:\\\/\\\/tecnoprod.com.br\\\/site\\\/#breadcrumb\"},\"inLanguage\":\"pt-BR\",\"potentialAction\":[{\"@type\":\"ReadAction\",\"target\":[\"https:\\\/\\\/tecnoprod.com.br\\\/site\\\/\"]}]},{\"@type\":\"BreadcrumbList\",\"@id\":\"https:\\\/\\\/tecnoprod.com.br\\\/site\\\/#breadcrumb\",\"itemListElement\":[{\"@type\":\"ListItem\",\"position\":1,\"name\":\"Home\",\"item\":\"https:\\\/\\\/tecnoprod.com.br\\\/site\\\/\"},{\"@type\":\"ListItem\",\"position\":2,\"name\":\"Inicial\"}]},{\"@type\":\"WebSite\",\"@id\":\"https:\\\/\\\/tecnoprod.com.br\\\/site\\\/#website\",\"url\":\"https:\\\/\\\/tecnoprod.com.br\\\/site\\\/\",\"name\":\"Tecnoprod\",\"description\":\"Tecnoprod\",\"potentialAction\":[{\"@type\":\"SearchAction\",\"target\":{\"@type\":\"EntryPoint\",\"urlTemplate\":\"https:\\\/\\\/tecnoprod.com.br\\\/site\\\/?s={search_term_string}\"},\"query-input\":{\"@type\":\"PropertyValueSpecification\",\"valueRequired\":true,\"valueName\":\"search_term_string\"}}],\"inLanguage\":\"pt-BR\"}]}<\/script>\n<!-- \/ Yoast SEO plugin. -->","yoast_head_json":{"title":"Tecnoprod Tecnologia de Produ\u00e7\u00e3o Jundia\u00ed \/ SP","description":"M\u00e1quinas de solda ponto, proje\u00e7\u00e3o e costura. M\u00e1quinas Especiais como dispositivos de solda para m\u00e1quinas e c\u00e9lulas de rob\u00f4, automa\u00e7\u00e3o industrial e m\u00e1quinas sob encomenda. TECNOPROD Tecnologia de Produ\u00e7\u00e3o","robots":{"index":"index","follow":"follow","max-snippet":"max-snippet:-1","max-image-preview":"max-image-preview:large","max-video-preview":"max-video-preview:-1"},"canonical":"https:\/\/tecnoprod.com.br\/site\/","og_locale":"pt_BR","og_type":"article","og_title":"Tecnoprod Tecnologia de Produ\u00e7\u00e3o Jundia\u00ed \/ SP","og_description":"M\u00e1quinas de solda ponto, proje\u00e7\u00e3o e costura. M\u00e1quinas Especiais como dispositivos de solda para m\u00e1quinas e c\u00e9lulas de rob\u00f4, automa\u00e7\u00e3o industrial e m\u00e1quinas sob encomenda. TECNOPROD Tecnologia de Produ\u00e7\u00e3o","og_url":"https:\/\/tecnoprod.com.br\/site\/","og_site_name":"Tecnoprod","article_modified_time":"2018-03-02T18:55:23+00:00","twitter_card":"summary_large_image","twitter_misc":{"Est. tempo de leitura":"8 minutos"},"schema":{"@context":"https:\/\/schema.org","@graph":[{"@type":"WebPage","@id":"https:\/\/tecnoprod.com.br\/site\/","url":"https:\/\/tecnoprod.com.br\/site\/","name":"Tecnoprod Tecnologia de Produ\u00e7\u00e3o Jundia\u00ed \/ SP","isPartOf":{"@id":"https:\/\/tecnoprod.com.br\/site\/#website"},"datePublished":"2017-04-10T11:46:23+00:00","dateModified":"2018-03-02T18:55:23+00:00","description":"M\u00e1quinas de solda ponto, proje\u00e7\u00e3o e costura. M\u00e1quinas Especiais como dispositivos de solda para m\u00e1quinas e c\u00e9lulas de rob\u00f4, automa\u00e7\u00e3o industrial e m\u00e1quinas sob encomenda. TECNOPROD Tecnologia de Produ\u00e7\u00e3o","breadcrumb":{"@id":"https:\/\/tecnoprod.com.br\/site\/#breadcrumb"},"inLanguage":"pt-BR","potentialAction":[{"@type":"ReadAction","target":["https:\/\/tecnoprod.com.br\/site\/"]}]},{"@type":"BreadcrumbList","@id":"https:\/\/tecnoprod.com.br\/site\/#breadcrumb","itemListElement":[{"@type":"ListItem","position":1,"name":"Home","item":"https:\/\/tecnoprod.com.br\/site\/"},{"@type":"ListItem","position":2,"name":"Inicial"}]},{"@type":"WebSite","@id":"https:\/\/tecnoprod.com.br\/site\/#website","url":"https:\/\/tecnoprod.com.br\/site\/","name":"Tecnoprod","description":"Tecnoprod","potentialAction":[{"@type":"SearchAction","target":{"@type":"EntryPoint","urlTemplate":"https:\/\/tecnoprod.com.br\/site\/?s={search_term_string}"},"query-input":{"@type":"PropertyValueSpecification","valueRequired":true,"valueName":"search_term_string"}}],"inLanguage":"pt-BR"}]}},"_links":{"self":[{"href":"https:\/\/tecnoprod.com.br\/site\/wp-json\/wp\/v2\/pages\/39","targetHints":{"allow":["GET"]}}],"collection":[{"href":"https:\/\/tecnoprod.com.br\/site\/wp-json\/wp\/v2\/pages"}],"about":[{"href":"https:\/\/tecnoprod.com.br\/site\/wp-json\/wp\/v2\/types\/page"}],"author":[{"embeddable":true,"href":"https:\/\/tecnoprod.com.br\/site\/wp-json\/wp\/v2\/users\/1"}],"replies":[{"embeddable":true,"href":"https:\/\/tecnoprod.com.br\/site\/wp-json\/wp\/v2\/comments?post=39"}],"version-history":[{"count":104,"href":"https:\/\/tecnoprod.com.br\/site\/wp-json\/wp\/v2\/pages\/39\/revisions"}],"predecessor-version":[{"id":745,"href":"https:\/\/tecnoprod.com.br\/site\/wp-json\/wp\/v2\/pages\/39\/revisions\/745"}],"wp:attachment":[{"href":"https:\/\/tecnoprod.com.br\/site\/wp-json\/wp\/v2\/media?parent=39"}],"curies":[{"name":"wp","href":"https:\/\/api.w.org\/{rel}","templated":true}]}}